0221210 (base 3) in base 5?
10143121131
bf3b (base 16) to base 4
23330323
What is 97318 (base 14) in base 12?
157676
What is -2522521 (base 6) in base 13?
-49831
What is -3000254 (base 6) in base 2?
-100010001100101010
-4927854 (base 10) to base 3
-100021100202010
Convert -55b22 (base 13) to base 10.
-155677
24a2ba0 (base 12) to base 10
7179816
Convert 14a600 (base 16) to base 7.
14334144
-92dd4 (base 16) to base 8
-2226724
600bba (base 14) to base 4
30110121100
815983 (base 10) to base 14
173527
Convert -14c50 (base 13) to base 16.
-9a12
Convert 1105235 (base 7) to base 14.
37955
-332851 (base 9) to base 7
-1456060
Convert 43110014 (base 7) to base 12.
1289882
What is 222321553 (base 6) in base 13?
ab5403
-162147 (base 10) to base 9
-266373
What is -414255031 (base 6) in base 10?
-7208155
Convert -126264a (base 11) to base 16.
-2156f7
Convert -300142 (base 8) to base 5.
-11122102
What is -1202210202120 (base 3) in base 15?
-138c10
Convert -4024334 (base 7) to base 4.
-1310130032
What is -1010101010011010111 (base 2) in base 6?
-11253331
What is -18297a8 (base 12) in base 10?
-5034800
3cdd2 (base 15) to base 4
233232221
811466 (base 13) to base 2
1011011100111000000110
110000001010100001 (base 2) to base 16
302a1
What is 95a6b6 (base 13) in base 14?
6743b1
-6006775 (base 11) to base 7
-156265253
1110100001001010 (base 2) to base 3
10000120110
Convert -1011110110010111111111 (base 2) to base 6.
-150325011
What is -10033030 (base 5) in base 7?
-453242
-224302414 (base 5) to base 13
-29479b
What is -44b9b9 (base 12) in base 8?
-4141735
Convert -100323333131 (base 4) to base 9.
-8316515
What is -27353873 (base 9) in base 5?
-11423431003
Convert -70605 (base 9) to base 16.
-b552
-37344276 (base 8) to base 15
-acc745
What is -398a938 (base 11) in base 12?
-23866a6
Convert -9bc638 (base 13) to base 4.
-32003032201
-1110100101001000 (base 2) to base 5
-3402340
440668 (base 9) to base 4
1000031030
369cc (base 13) to base 3
12002221020
-20257064 (base 9) to base 2
-100101000101100010010010
Convert -62eb0 (base 16) to base 15.
-800b3
What is 885006 (base 13) in base 11?
18a2651
Convert -34f31 (base 16) to base 3.
-102000111122
Convert 14a7dd7 (base 14) to base 2.
100110011110101000011001
Convert 93868 (base 11) to base 6.
2533204
Convert -226857 (base 9) to base 3.
-20220221221
What is -678ed6 (base 15) in base 6?
-253522520
Convert -3442103434 (base 5) to base 16.
-768c9c
211112042 (base 5) to base 9
1578711
What is 3c9b9c (base 13) in base 4?
11220323210
What is 27c361 (base 13) in base 4?
3230223313
11001001001111111 (base 2) to base 4
121021333
What is -34c28 (base 13) in base 10?
-96533
Convert -1606a (base 11) to base 16.
-58af
222110301 (base 4) to base 8
522461
Convert 35dd9e (base 15) to base 7.
30625421
What is -18a74 (base 14) in base 7?
-350004
-c2570 (base 13) to base 16
-54f9e
What is 20222120222 (base 3) in base 12?
6768b
What is 174310 (base 11) in base 7?
2200642
What is -12001121022101 (base 3) in base 5?
-1142020103
-3421102 (base 5) to base 11
-41732
Convert -21012 (base 14) to base 5.
-10021332
26aa9 (base 16) to base 12
777a1
Convert -17c7b1a (base 13) to base 9.
-15576157
Convert 1422 (base 5) to base 4.
3231
What is 43789 (base 13) in base 8?
356423
Convert 2448323 (base 9) to base 2.
101000101000011011010
-20003021122 (base 4) to base 10
-2110042
Convert 16194 (base 11) to base 16.
5943
-663680 (base 12) to base 8
-6143000
a9b7 (base 14) to base 6
343541
Convert -1061536 (base 10) to base 16.
-1032a0
What is -eb093 (base 15) in base 16?
-b621d
What is -283c85 (base 13) in base 7?
-11220365
What is -1902ab (base 12) in base 3?
-211010220112
Convert -b623ca (base 14) to base 12.
-20887a6
What is -2450c9a (base 13) in base 10?
-11283750
What is 223113221 (base 4) in base 7?
1336622
Convert b82483 (base 12) to base 15.
3c65b6
What is -3302123022 (base 5) in base 8?
-32753176
22120313 (base 5) to base 15
3bd23
5737ba (base 16) to base 3
101202101201221
Convert 70475 (base 16) to base 9.
770762
What is 32320201000 (base 4) in base 14?
737b8c
What is 102532214 (base 6) in base 9?
3367331
What is 13380483 (base 10) in base 8?
63025603
Convert -516907 (base 11) to base 13.
-230427
Convert 404633 (base 9) to base 12.
b6810
What is 422bb (base 12) in base 14?
23903
Convert -2ef88b (base 16) to base 9.
-5711544
39ee7 (base 15) to base 3
100102121201
Convert -11220210112 (base 3) to base 4.
-113220221
92513 (base 12) to base 5
22101230
-425351 (base 12) to base 14
-1d3257
251204 (base 11) to base 5
100200014
-21100021220 (base 4) to base 8
-11201150
-141624 (base 11) to base 4
-312020002
Convert -43714 (base 13) to base 9.
-205354
What is -1624bc (base 15) in base 3?
-2000102001220
558208 (base 9) to base 2
1010001100011100100
-201011012122120 (base 3) to base 12
-34ab406
-7b293 (base 12) to base 4
-220023033
-5ae5 (base 16) to base 3
-1011220211
What is 303223340 (base 5) in base 15?
193715
What is 20302243 (base 6) in base 8?
2164063
What is 11000011110010000011 (base 2) in base 15?
10c918
-111279 (base 11) to base 12
-86773
Convert 649dd2 (base 15) to base 7.
55506365
Convert -14281776 (base 9) to base 3.
-111022201212120
What is -120220020111100 (base 3) in base 2?
-100000001110101011100101
What is -1888991 (base 12) in base 10?
-5157757
What is 147425 (base 8) in base 14?
15469
Convert -14a708 (base 14) to base 12.
-2a8a18
Convert -77052 (base 10) to base 11.
-52988
What is 1dca52 (base 16) in base 10?
1952338
Convert -613569 (base 11) to base 8.
-3605024
Convert -632ab1 (base 13) to base 10.
-2319669
What is -94304 (base 12) in base 7?
-1435342
-113051534 (base 7) to base 15
-92563e
What is -548036 (base 9) in base 5?
-40433404
What is -179644 (base 12) in base 16?
-64354
Convert -130112021 (base 4) to base 10.
-116105
Convert -11111123113 (base 4) to base 13.
-39c70c
What is -556603 (base 7) in base 10?
-98395
What is 5259a8 (base 15) in base 9?
7330325
Convert -2424434 (base 6) to base 15.
-27e0d
What is 54421 (base 9) in base 10?
36064
-2a7c25 (base 15) to base 5
-1011120420
Convert 1001301033 (base 4) to base 9.
450473
Convert -2c4831 (base 13) to base 3.
-2001122202000
-13155123 (base 6) to base 11
-27804a
Convert -93995 (base 13) to base 8.
-1006103
1212123221 (base 4) to base 8
1463351
What is 27564d (base 14) in base 5?
322001100
What is -1153116 (base 10) in base 7?
-12541566
What is 1137612 (base 10) in base 13?
30aa58
-2211200012121 (base 3) to base 16
-17073d
-5344542 (base 6) to base 11
-16a546
-111372 (base 10) to base 11
-76748
1418586 (base 9) to base 13
214356
Convert 1337656 (base 8) to base 12.
16203a
Convert -55967 (base 13) to base 7.
-1215023
Convert 37301 (base 10) to base 14.
d845
Convert 4625681 (base 9) to base 13.
695956
What is -82091 (base 15) in base 16?
-648ee
1062050 (base 7) to base 5
13222101
What is 17b53 (base 14) in base 8?
164715
Convert 331011 (base 7) to base 15.
122a0
What is -19a493 (base 15) in base 8?
-4610774
What is ed41 (base 15) in base 3?
2112220121
What is 1c6238 (base 15) in base 6?
45424112
-100011100010111110011 (base 2) to base 9
-2164707
b8a1 (base 15) to base 2
1001100010100100
Convert -11321001 (base 6) to base 5.
-42241404
What is -10101001011110110 (base 2) in base 16?
-152f6
What is -46c331 (base 14) in base 5?
-1104242401
-515660 (base 8) to base 3
-22200110200
What is -13426513 (base 8) in base 10?
-3026251
What is 21333331 (base 4) in base 16?
9ffd
What is -10110001001110111101100 (base 2) in base 5?
-2441320341
What is 2a99c4 (base 16) in base 6?
135501204
Convert 24645414 (base 7) to base 13.
601074
Convert -3230404 (base 6) to base 15.
-32421
What is 9164 (base 11) in base 8?
27612
Convert -4917a6 (base 12) to base 9.
-2205230
What is 10110101100010010 (base 2) in base 15?
1c816
Convert -24044 (base 7) to base 2.
-1100000111110
Convert 2321204 (base 7) to base 15.
5b32b
Convert -542826 (base 9) to base 5.
-40323434
100716 (base 9) to base 14
17a35
What is 1010110000 (base 4) in base 15?
57d8d
-96ba (base 13) to base 11
-14807
What is b448 (base 13) in base 15?
75a3
Convert 320332201 (base 4) to base 7.
1661254
Convert 30131133003 (base 4) to base 6.
154002403
Convert -33325212 (base 6) to base 11.
-628514
219220 (base 11) to base 12
149b62
-569409 (base 12) to base 2